r when 141 is divided by c.
11
Let r be (-4)/(-2) + -1 - 1. Suppose -3*i + r + 30 = 0. Suppose 4*w - i = 38. Calculate the remainder when 43 is divided by w.
7
Let u = -11803 + 12494. What is the remainder when 1390 is divided by u?
8
Let s(o) be the third derivative of -o**4/3 + 7*o**3/3 + 30*o**2. Suppose 9 = -3*a + 3. Calculate the remainder when 116 is divided by s(a).
26
Let m(r) = r**3 - 12*r**2 - 17*r - 103. Calculate the remainder when 4608/45 - 2/5 is divided by m(14).
0
Suppose 3*f - 2*d + 169 = 0, 5*d - 184 = -2*f + 5*f. Let q = f - -56. Suppose q + 123 = 3*p. What is the remainder when 123 is divided by p?
39
Let w = 68 - 400. Let y = w - -346. Calculate the remainder when 66 - (-1 + 1) - -1 is divided by y.
11
Suppose o - 131 = 4*z - 458, -5*z + 405 = -5*o. Let j = z - 57. What is the remainder when 48 is divided by j?
23
Let s(n) be the second derivative of -n**4/6 - 7*n**3/2 + 5*n**2 + 28*n. What is the remainder when (1/(-1))/((-16)/1552) is divided by s(-10)?
17
Suppose -b + 4*g + 16 - 3 = 0, -3*b = 3*g - 24. Suppose -b*o = -7*o - 24. Suppose -1327 = -32*c + 145. Calculate the remainder when c is divided by o.
10
Let n be 1/(4*2/(-24)*3). What is the remainder when (-2 - -24) + (n - (-2 - -2)) is divided by 7?
0
Let n = -294 + 296. What is the remainder when ((-1042)/(-8))/1 - n/8 is divided by 46?
38
Let i(x) = x**3 + 16*x**2 + 63*x - 3. Let p be i(-7). Calculate the remainder when 98 is divided by ((-5)/(-2) - 2)*p*-30.
8
Let o = -164 - -327. Let z = -81003 - -81031. Calculate the remainder when o is divided by z.
23
Suppose -3*o = -d + 596, 0 = d - 14*o + 15*o - 564. Calculate the remainder when d is divided by -2 + 2 + 17 + -1.
12
Let q = 37 - 35. Let l be (-104)/(-6)*(1 + q/4). Let v = -20 + l. Calculate the remainder when 15 is divided by v.
3
Let c be 17/(-51) - 37/(-3). Let o = 47 + -37. Suppose c*z = 11*z + o. What is the remainder when 25 is divided by z?
5
Suppose -2*o + 105 = 6*t - 161, 2*o - 225 = -5*t. Calculate the remainder when 162 + 1 - (1 + -1) is divided by t.
40
Let z = -1531 + 1657. Calculate the remainder when 296 is divided by z.
44
Let c be (-15)/(-9) - 1/(-3). Suppose 3*f = -2656*r + 2661*r - 250, -r + 2*f + 50 = 0. Calculate the remainder when r is divided by (-13*2)/(c*-1).
11
Suppose -3*p - 151 = -187. Suppose -36 = -p*c + 108. Calculate the remainder when 127 is divided by c.
7
Let r(v) = 1 + 8 + v - 9. Let d be r(5). Suppose -12 = 3*m, -6*c = -2*c + d*m - 16. Calculate the remainder when 41 is divided by c.
5
Suppose -2139 - 1665 = -120*n + 1596. Calculate the remainder when 1424 is divided by n.
29
Suppose -7 = -o - 3. Suppose -64*k + 68*k + 316 = 2*t, 2*t - 5*k = 320. What is the remainder when t is divided by o?
2
Suppose m + 2*b = 4, 6*b - b = -2*m + 8. Suppose c = 5*v - 1828, m*v - 2*v - 739 = 3*c. Calculate the remainder when v is divided by 22.
13
Let f be (2 - (-11)/(-5)) + (-21)/(-5). Suppose 2*w = -3*n + 683, 6*n - w - 453 = f*n. Calculate the remainder when n is divided by 19.
18
Let w(b) = 11*b**2 - 4*b - 22. Let t be w(-4). Suppose 20 = 5*g, -2*q - 8*g + t = -6*g. Calculate the remainder when q is divided by 28.
25
Let y(u) = -u**2 + 32*u + 155. Suppose -2*o - 2*l = o - 59, 10 = -5*l. What is the remainder when y(31) is divided by o?
18
Let h(i) = i**3 + 2. Let y be h(0). Let g = -3457 - -3709. Calculate the remainder when g is divided by (-1 + y)/(1/15).
12
Let p(o) = -2*o**3 + o - 2. Let c = 24365 + -24345. What is the remainder when c is divided by p(-2)?
8
What is the remainder when 55/(330/1028)*(-30)/(-4) is divided by 618?
49
Let y(m) = -3*m - 30. Let q = 69 - 31. Suppose -q = 3*r - 119. What is the remainder when r is divided by y(-16)?
9
Let s(o) = -22*o**2 + 12*o + 16. Let k be s(-2). Let c = -85 - k. Let i = 4 + -2. Calculate the remainder when c is divided by i.
1
Let w = -237 - -235. Calculate the remainder when 74 is divided by ((-21)/w)/(1/2).
11
Let w = -140 - -161. Let n(l) = -l + 4. Let j be n(7). Calculate the remainder when (-39)/2*(-5 - j) is divided by w.
18
Suppose 26*p = -50*p + 9728. Let k = 24 - 14. What is the remainder when p is divided by k?
8
Let v(w) = 11*w**2 + 540*w - 82. What is the remainder when v(-50) is divided by 383?
35
Let s(p) be the third derivative of p**5/10 + 41*p**4/24 + 5*p**3/6 + p**2 - 7*p. Calculate the remainder when s(-10) is divided by 14.
13
Let s = 1079 - 1841. Let w be s/30 - (-3)/(-5). Let g = 148 - w. Calculate the remainder when g is divided by 35.
34
Let d = -1242 - -1254. Calculate the remainder when 230/(-3)*(-42)/28 is divided by d.
7
Suppose 3*f = f - 5*b + 37, -3*b - 15 = -5*f. Calculate the remainder when 97 is divided by (3 - 8) + 132/f.
12
What is the remainder when 2157 is divided by 9 - 6 - (-1540)/20?
77
Let f be (2/(-25) - (-1122)/275) + -2. Suppose f*y + v = 74 + 48, v = -4*y + 240. What is the remainder when y is divided by 1/4 - (-237)/12?
19
Suppose 0 = o + 16*y - 450, -267 = -o + 3*y + 278. Calculate the remainder when o is divided by 228.
74
Suppose 39*j + 106*j - 2270 = 8750. What is the remainder when 1844 is divided by j?
20
Let c(j) = -j**3 + 3*j**2 + 37*j - 95. Suppose 4*f = f - 3, -3*f + 1071 = 3*o. Calculate the remainder when o is divided by c(5).
38
Let n(q) = -q**3 - 17*q**2 + 16. Suppose 26*v + 429 = 37*v. What is the remainder when v is divided by n(-17)?
7
Let y(d) = -d**2 + 12*d - 18. Suppose -3*j + 4*t = 2*t - 24, -t + 32 = 4*j. What is the remainder when 806/12 + (-2)/12 is divided by y(j)?
11
Let x(z) = 4*z**3 + 15*z**2 + 3*z + 8. Let q be x(-5). Calculate the remainder when (-5 - (q + 7)) + -8 is divided by 38.
36
Let u = 2117 + -2028. Calculate the remainder when 256 is divided by u.
78
Suppose 37*m = 3*m + 29663 + 14911. Calculate the remainder when m is divided by 256.
31
Let s = 165 + -373. Let y = -148 - s. Suppose 61*a - 34 = y*a. What is the remainder when a is divided by 7?
6
Suppose -4*a - 63 = -h - 0*h, 0 = 2*a - 2*h + 30. Let r be ((-63)/4)/(a/192). Suppose r = 3*l + 4*l. Calculate the remainder when 161 is divided by l.
26
Let r = 9 - 2. Let p be ((-2)/6)/((2 - 3)/171). Suppose p*m - 58*m = -15. Calculate the remainder when m is divided by r.
1
Let n(t) = -3*t**3 + 38*t**2 + 22*t + 17. What is the remainder when n(13) is divided by 39?
17
Suppose t + 204 = 5*t + 4*v, 2*v = -3*t + 154. Let p(l) = l**3 + 38*l**2 + 96*l - 160. Calculate the remainder when p(-35) is divided by t.
51
Suppose -4*n = 1827 - 1903. Calculate the remainder when 3*3/(-9)*-71 is divided by n.
14
Let y(g) = 11*g**2 - 245*g - 933. Calculate the remainder when y(-4) is divided by 14.
13
Let r be (-5)/10*(-3 + 7). What is the remainder when 133 is divided by 2*((-17)/34)/(r/136)?
65
Calculate the remainder when 25603 is divided by (-545)/218*296/(-10).
73
Calculate the remainder when (-65800)/(-98) + 4/7 is divided by 195.
87
Let z(v) = -10 - 32 - 5*v + 9*v - v. Calculate the remainder when 214 is divided by z(18).
10
Let u(h) = -41*h + 13. Let d(o) = 21*o - 6. Let f(n) = -9*d(n) - 4*u(n). Calculate the remainder when f(-2) is divided by -4 + (23 - (-6 + 10 - 5)).
12
Let l(m) = 3*m - 1. Let o be l(1). Let h(f) = 4*f**3 - f**2 + f - 1. Suppose 61*t = 53*t + 1600. What is the remainder when t is divided by h(o)?
26
Suppose -11*s = -15959 - 48314. What is the remainder when s is divided by 158?
155
Let q(i) be the first derivative of i**3 - i**2/2 + i + 208. What is the remainder when 148 is divided by q(-2)?
13
What is the remainder when 780 is divided by 135/(-6)*-1*(-90)/(-75)?
24
Let h(t) = -t**3 + 2*t - 172. Let l be h(0). Let k = 185 + l. What is the remainder when 25 is divided by k?
12
Suppose 396 = -15*s + 26*s. Calculate the remainder when 193 is divided by (-4)/((-6)/(-20) - s/72).
13
What is the remainder when 2524 is divided by (24 - 1428/51)*(-50)/(-8)*-1?
24
Suppose 0 = 4*s - 5*s + 15. Suppose 0 = s*i - 13*i - 4. Suppose 0 = -i*g + 7*g - 55. What is the remainder when 29 is divided by g?
7
Calculate the remainder when 883 is divided by 48/(-10)*-54*(-120)/(-36).
19
Suppose -i = -365*h + 363*h - 53, 0 = -i + 4*h + 65. Calculate the remainder when 436 is divided by i.
26
Let x be ((-9)/(-3) + 12)*-1. Let k = -14 - x. Suppose f - k = 3*q, 3*f = -f + 2*q + 44. Calculate the remainder when f is di